{"id":5606,"date":"2017-06-01T20:04:11","date_gmt":"2017-06-01T18:04:11","guid":{"rendered":"http:\/\/192.168.10.121\/wordpress\/index.php\/justus\/"},"modified":"2023-03-22T16:15:34","modified_gmt":"2023-03-22T15:15:34","slug":"justus","status":"publish","type":"page","link":"https:\/\/sci-fy.de\/wordpress\/justus\/","title":{"rendered":"Justus"},"content":{"rendered":"<p><span style=\"font-family: verdana,geneva,sans-serif; font-size: 10pt;\">Justus.<\/span><\/p>\n<p><span style=\"font-family: verdana,geneva,sans-serif; font-size: 10pt;\">Wir haben Ihn 2014 im Januar aus dem Tierheim geholt. 11 Jahre lang war er als reiner Stra\u00dfenkater unterwegs. Er war Sommer wie Winter draussen und muss wohl ausgesetzt worden sein. Seit Januar 2014 haben wir Ihn und mittlerweile hat er sich sowohl an die Wohnung als auch an neue Umgebung gew\u00f6hnt. <\/span><\/p>\n<p><span style=\"font-family: verdana,geneva,sans-serif; font-size: 10pt;\">Leider mussten wir Justus am 07.08.17 einschl\u00e4fern lassen, nachdem er \u00fcber das Wochenende um fasst das doppelte angeschwollen ist. Dicke F\u00fc\u00dfe Beine und die Brust waren um&nbsp; Faktor 2 angeschwollen. Der TA stellte dann fest, das er voller \u00d6deme war. <em>(Wassereinlagerung)<\/em> Da er auch in letzter Zeit sehr schlapp war haben wir uns dann dazu entschlossen, das wir Ihn erl\u00f6sen. Er war ja auch schon 15 jahre alt und bei einer OP h\u00e4tte es auch 50:50 gestanden. Aber so hatte er zumindest noch ein paar Jahre in Ruhe bei uns verbracht<\/span><\/p>\n<p><span style=\"font-family: verdana,geneva,sans-serif; font-size: 10pt;\">Mit schwerem Herzen habe ich Ihn dann gehen lassen. Machs gut alter Freund. Warst ein super Kater.<\/span><\/p>\nngg_shortcode_0_placeholder\n","protected":false},"excerpt":{"rendered":"<p>Justus. Wir haben Ihn 2014 im Januar aus dem Tierheim geholt. 11 Jahre lang war er als reiner Stra\u00dfenkater unterwegs. Er war Sommer wie Winter draussen und muss wohl ausgesetzt worden sein. Seit Januar 2014 haben wir Ihn und mittlerweile hat er sich sowohl an die Wohnung als auch an neue Umgebung gew\u00f6hnt. Leider mussten &hellip; <\/p>\n<p class=\"link-more\"><a href=\"https:\/\/sci-fy.de\/wordpress\/justus\/\" class=\"more-link\"><span class=\"screen-reader-text\">\u201eJustus\u201c <\/span>weiterlesen<\/a><\/p>\n","protected":false},"author":2,"featured_media":6298,"parent":0,"menu_order":0,"comment_status":"closed","ping_status":"closed","template":"","meta":{"ngg_post_thumbnail":0,"footnotes":""},"class_list":["post-5606","page","type-page","status-publish","has-post-thumbnail","hentry"],"_links":{"self":[{"href":"https:\/\/sci-fy.de\/wordpress\/wp-json\/wp\/v2\/pages\/5606","targetHints":{"allow":["GET"]}}],"collection":[{"href":"https:\/\/sci-fy.de\/wordpress\/wp-json\/wp\/v2\/pages"}],"about":[{"href":"https:\/\/sci-fy.de\/wordpress\/wp-json\/wp\/v2\/types\/page"}],"author":[{"embeddable":true,"href":"https:\/\/sci-fy.de\/wordpress\/wp-json\/wp\/v2\/users\/2"}],"replies":[{"embeddable":true,"href":"https:\/\/sci-fy.de\/wordpress\/wp-json\/wp\/v2\/comments?post=5606"}],"version-history":[{"count":0,"href":"https:\/\/sci-fy.de\/wordpress\/wp-json\/wp\/v2\/pages\/5606\/revisions"}],"wp:featuredmedia":[{"embeddable":true,"href":"https:\/\/sci-fy.de\/wordpress\/wp-json\/wp\/v2\/media\/6298"}],"wp:attachment":[{"href":"https:\/\/sci-fy.de\/wordpress\/wp-json\/wp\/v2\/media?parent=5606"}],"curies":[{"name":"wp","href":"https:\/\/api.w.org\/{rel}","templated":true}]}}

<p><span style="font-family: verdana,geneva,sans-serif; font-size: 10pt;">Justus.</span></p>
<p><span style="font-family: verdana,geneva,sans-serif; font-size: 10pt;">Wir haben Ihn 2014 im Januar aus dem Tierheim geholt. 11 Jahre lang war er als reiner Straßenkater unterwegs. Er war Sommer wie Winter draussen und muss wohl ausgesetzt worden sein. Seit Januar 2014 haben wir Ihn und mittlerweile hat er sich sowohl an die Wohnung als auch an neue Umgebung gewöhnt. </span></p>
<p><span style="font-family: verdana,geneva,sans-serif; font-size: 10pt;">Leider mussten wir Justus am 07.08.17 einschläfern lassen, nachdem er über das Wochenende um fasst das doppelte angeschwollen ist. Dicke Füße Beine und die Brust waren um&nbsp; Faktor 2 angeschwollen. Der TA stellte dann fest, das er voller Ödeme war. <em>(Wassereinlagerung)</em> Da er auch in letzter Zeit sehr schlapp war haben wir uns dann dazu entschlossen, das wir Ihn erlösen. Er war ja auch schon 15 jahre alt und bei einer OP hätte es auch 50:50 gestanden. Aber so hatte er zumindest noch ein paar Jahre in Ruhe bei uns verbracht</span></p>
<p><span style="font-family: verdana,geneva,sans-serif; font-size: 10pt;">Mit schwerem Herzen habe ich Ihn dann gehen lassen. Machs gut alter Freund. Warst ein super Kater.</span></p>
ngg_shortcode_0_placeholder

<p>Justus. Wir haben Ihn 2014 im Januar aus dem Tierheim geholt. 11 Jahre lang war er als reiner Straßenkater unterwegs. Er war Sommer wie Winter draussen und muss wohl ausgesetzt worden sein. Seit Januar 2014 haben wir Ihn und mittlerweile hat er sich sowohl an die Wohnung als auch an neue Umgebung gewöhnt. Leider mussten &hellip; </p>
<p class="link-more"><a href="https://sci-fy.de/wordpress/justus/" class="more-link"><span class="screen-reader-text">„Justus“ </span>weiterlesen</a></p>
